ed by 2508?
541
Calculate the remainder when 1848010 is divided by 13200.
10
Calculate the remainder when 281727 is divided by 4783.
4313
Calculate the remainder when 132003899 is divided by 450.
449
What is the remainder when 4414928 is divided by 6629?
14
Calculate the remainder when 558163 is divided by 71.
32
What is the remainder when 2648935 is divided by 70?
65
Calculate the remainder when 8180188 is divided by 2354.
38
What is the remainder when 292178 is divided by 1989?
1784
Calculate the remainder when 36079051 is divided by 471.
451
What is the remainder when 172393 is divided by 17?
13
Calculate the remainder when 411580 is divided by 9345.
400
Calculate the remainder when 2357587 is divided by 392930.
7
Calculate the remainder when 104905425 is divided by 1046.
1039
What is the remainder when 43465294 is divided by 21732629?
36
What is the remainder when 39864625 is divided by 1133?
20
What is the remainder when 3579198 is divided by 1193062?
12
What is the remainder when 455407 is divided by 454638?
769
What is the remainder when 25704415 is divided by 1615?
75
What is the remainder when 18671308 is divided by 1697389?
29
What is the remainder when 213604 is divided by 71182?
58
What is the remainder when 15592 is divided by 3842?
224
Calculate the remainder when 121875 is divided by 20218.
567
Calculate the remainder when 1150741 is divided by 4620.
361
Calculate the remainder when 8870036 is divided by 86.
82
What is the remainder when 20078 is divided by 444?
98
What is the remainder when 430235 is divided by 394?
381
What is the remainder when 22554 is divided by 2254?
14
Calculate the remainder when 5173676 is divided by 63.
53
Calculate the remainder when 281254 is divided by 601.
587
What is the remainder when 473816451 is divided by 38?
37
What is the remainder when 1198480 is divided by 2031?
190
What is the remainder when 3352184 is divided by 26395?
19
What is the remainder when 1112702 is divided by 10895?
1412
What is the remainder when 402596 is divided by 1088?
36
Calculate the remainder when 7622683 is divided by 7622622.
61
What is the remainder when 180673 is divided by 30?
13
What is the remainder when 1137047 is divided by 1165?
7
Calculate the remainder when 1140110 is divided by 570053.
4
Calculate the remainder when 234440 is divided by 45822.
5330
What is the remainder when 1405480 is divided by 1120?
1000
Calculate the remainder when 6937355 is divided by 38.
37
Calculate the remainder when 234618 is divided by 7108.
54
Calculate the remainder when 1544789 is divided by 54.
11
What is the remainder when 2203828 is divided by 22034?
428
Calculate the remainder when 617754 is divided by 18167.
76
What is the remainder when 949662 is divided by 59353?
14
Calculate the remainder when 184268 is divided by 112.
28
What is the remainder when 2025047 is divided by 39?
11
What is the remainder when 61650 is divided by 518?
8
What is the remainder when 772326 is divided by 1172?
1150
Calculate the remainder when 5259060 is divided by 119.
93
Calculate the remainder when 1746319 is divided by 249470.
29
What is the remainder when 304678428 is divided by 2477?
2474
Calculate the remainder when 88763 is divided by 4213.
290
Calculate the remainder when 2946258 is divided by 32.
18
Calculate the remainder when 4338935 is divided by 96.
23
Calculate the remainder when 166165 is divided by 382.
377
Calculate the remainder when 1506403 is divided by 9974.
329
Calculate the remainder when 349946 is divided by 24956.
562
What is the remainder when 879626 is divided by 87910?
526
Calculate the remainder when 533734 is divided by 20515.
344
Calculate the remainder when 1973911 is divided by 1395.
1381
What is the remainder when 31445643 is divided by 2923?
9
Calculate the remainder when 989087 is divided by 337.
329
What is the remainder when 4112261 is divided by 95?
91
Calculate the remainder when 3922573 is divided by 1390.
1383
Calculate the remainder when 7975528 is divided by 151.
10
What is the remainder when 73161 is divided by 537?
129
What is the remainder when 43993 is divided by 43764?
229
Calculate the remainder when 97488 is divided by 3012.
1104
Calculate the remainder when 18595576 is divided by 97.
94
Calculate the remainder when 375044 is divided by 6584.
6340
Calculate the remainder when 5981182 is divided by 61.
10
What is the remainder when 469109995 is divided by 100?
95
What is the remainder when 2522976 is divided by 210242?
72
Calculate the remainder when 62437419 is divided by 95.
94
What is the remainder when 1039862 is divided by 70?
12
What is the remainder when 674100 is divided by 106?
46
What is the remainder when 677062 is divided by 155?
22
Calculate the remainder when 88424 is divided by 218.
134
Calculate the remainder when 1804899 is divided by 288.
3
What is the remainder when 2021494 is divided by 134764?
34
Calculate the remainder when 7345499 is divided by 295.
294
Calculate the remainder when 380192 is divided by 1521.
1463
What is the remainder when 163107540 is divided by 89?
88
Calculate the remainder when 30791700 is divided by 221.
212
Calculate the remainder when 412676 is divided by 1443.
1421
What is the remainder when 34671 is divided by 415?
226
Calculate the remainder when 159591 is divided by 792.
399
What is the remainder when 4790350 is divided by 48?
46
What is the remainder when 216615 is divided by 498?
483
What is the remainder when 2926417 is divided by 159?
22
Calculate the remainder when 443894 is divided by 71.
2
What is the remainder when 1890947 is divided by 34380?
47
Calculate the remainder when 68971 is divided by 22513.
1432
Calculate the remainder when 6872628 is divided by 837.
21
What is the remainder when 417331870 is divided by 11?
10
What is the remainder when 166431837 is divided by 2?
1
Calculate the remainder when 637651 is divided by 2925.
1
What is the remainder when 43928082 is divided by 4583?
27
Calculate the remainder when 30819124 is divided by 9219.
7
Calculate the remainder when 18555745 is divided by 792.
769
Calculate the remainder when 27497580 is divided by 166652.
0
Calculate the remainder when 17999945 is divided by 59.
48
What is the remainder when 341208 is divided by 4107?
327
Calculate the remainder when 1662631 is divided by 59371.
243
What is the remainder when 25898001 is divided by 59?
10
What is the remainder when 1617776 is divided by 3635?
201
Calculate the remainder when 816985 is divided by 48049.
152
What is the remainder when 816532 is divided by 816501?
31
Calculate the remainder when 16435672 is divided by 16435661.
11
What is the remainder when 9327081 is divided by 1429?
1427
Calculate the remainder when 108080 is divided by 25516.
6016
Calculate the remainder when 1211690 is divided by 467.
292
Calculate the remainder when 4715838 is divided by 1302.
1296
What is the remainder when 365085 is divided by 91?
84
What is the remainder when 40332 is divided by 198?
138
Calculate the remainder when 17194241 is divided by 15.
11
What is the remainder when 57768387 is divided by 243?
240
Calculate the remainder when 115006 is divided by 419.
200
Calculate the remainder when 1334394 is divided by 2333.
2251
What is the remainder when 3530 is divided by 223?
185
What is the remainder when 524962 is divided by 524956?
6
What is the remainder when 15853 is divided by 7010?
1833
What is the remainder when 398299 is divided by 24?
19
What is the remainder when 4585172 is divided by 681?
680
Calculate the remainder when 3261379 is divided by 1130.
199
What is the remainder when 15100225 is divided by 5485?
20
Calculate the remainder when 933417 is divided by 137.
36
What is the remainder when 2605679 is divided by 81427?
15
Calculate the remainder when 194858 is divided by 367.
348
Calculate the remainder when 202119026 is divided by 33.
32
Calculate the remainder when 589172697 is divided by 100.
97
What is the remainder when 22726395 is divided by 14?
13
What is the remainder when 3867672 is divided by 89?
88
Calculate the remainder when 12183627 is divided by 231.
225
Calculate the remainder when 104713644 is divided by 18.
12
Calculate the remainder when 1455019 is divided by 62.
3
Calculate the remainder when 371864 i